{"id":16,"date":"2019-01-14T01:52:21","date_gmt":"2019-01-14T00:52:21","guid":{"rendered":"https:\/\/hirn-und-ohr.ch\/?page_id=16"},"modified":"2021-01-20T10:36:04","modified_gmt":"2021-01-20T09:36:04","slug":"kurse","status":"publish","type":"page","link":"https:\/\/www.hirn-und-ohr.ch\/?page_id=16","title":{"rendered":"Kurse"},"content":{"rendered":"\t\t<div data-elementor-type=\"wp-post\" data-elementor-id=\"16\" class=\"elementor elementor-16\" data-elementor-settings=\"[]\">\n\t\t\t\t\t\t<div class=\"elementor-inner\">\n\t\t\t\t\t\t\t<div class=\"elementor-section-wrap\">\n\t\t\t\t\t\t\t<section class=\"elementor-section elementor-top-section elementor-element elementor-element-85c47ce elementor-section-boxed elementor-section-height-default elementor-section-height-default\" data-id=\"85c47ce\" data-element_type=\"section\">\n\t\t\t\t\t\t<div class=\"elementor-container elementor-column-gap-default\">\n\t\t\t\t\t\t\t<div class=\"elementor-row\">\n\t\t\t\t\t<div class=\"elementor-column elementor-col-100 elementor-top-column elementor-element elementor-element-eb4be70\" data-id=\"eb4be70\" data-element_type=\"column\">\n\t\t\t<div class=\"elementor-column-wrap elementor-element-populated\">\n\t\t\t\t\t\t\t<div class=\"elementor-widget-wrap\">\n\t\t\t\t\t\t<div class=\"elementor-element elementor-element-65fa581 elementor-invisible elementor-widget elementor-widget-heading\" data-id=\"65fa581\" data-element_type=\"widget\" data-settings=\"{&quot;_animation&quot;:&quot;fadeInDown&quot;}\" data-widget_type=\"heading.default\">\n\t\t\t\t<div class=\"elementor-widget-container\">\n\t\t\t<h2 class=\"elementor-heading-title elementor-size-default\">Kurse 2020<\/h2>\t\t<\/div>\n\t\t\t\t<\/div>\n\t\t\t\t\t\t<\/div>\n\t\t\t\t\t<\/div>\n\t\t<\/div>\n\t\t\t\t\t\t\t\t<\/div>\n\t\t\t\t\t<\/div>\n\t\t<\/section>\n\t\t\t\t<section class=\"elementor-section elementor-top-section elementor-element elementor-element-70d3353 elementor-section-boxed elementor-section-height-default elementor-section-height-default\" data-id=\"70d3353\" data-element_type=\"section\">\n\t\t\t\t\t\t<div class=\"elementor-container elementor-column-gap-default\">\n\t\t\t\t\t\t\t<div class=\"elementor-row\">\n\t\t\t\t\t<div class=\"elementor-column elementor-col-100 elementor-top-column elementor-element elementor-element-fb719c0\" data-id=\"fb719c0\" data-element_type=\"column\">\n\t\t\t<div class=\"elementor-column-wrap elementor-element-populated\">\n\t\t\t\t\t\t\t<div class=\"elementor-widget-wrap\">\n\t\t\t\t\t\t<section class=\"elementor-section elementor-inner-section elementor-element elementor-element-2a99a54 elementor-section-boxed elementor-section-height-default elementor-section-height-default\" data-id=\"2a99a54\" data-element_type=\"section\">\n\t\t\t\t\t\t<div class=\"elementor-container elementor-column-gap-default\">\n\t\t\t\t\t\t\t<div class=\"elementor-row\">\n\t\t\t\t\t<div class=\"elementor-column elementor-col-100 elementor-inner-column elementor-element elementor-element-9800d3e\" data-id=\"9800d3e\" data-element_type=\"column\">\n\t\t\t<div class=\"elementor-column-wrap elementor-element-populated\">\n\t\t\t\t\t\t\t<div class=\"elementor-widget-wrap\">\n\t\t\t\t\t\t<div class=\"elementor-element elementor-element-35af18e elementor-invisible elementor-widget elementor-widget-text-editor\" data-id=\"35af18e\" data-element_type=\"widget\" data-settings=\"{&quot;_animation&quot;:&quot;fadeInLeft&quot;,&quot;_animation_delay&quot;:100}\" data-widget_type=\"text-editor.default\">\n\t\t\t\t<div class=\"elementor-widget-container\">\n\t\t\t\t\t<div class=\"elementor-text-editor elementor-clearfix\"><p><em><strong>St\u00e4rken und steigern Sie Ihr H\u00f6rverm\u00f6gen durch gezieltes H\u00f6rtraining mit Lippenlesen<\/strong><\/em><\/p><p>Absolut virenfrei:<\/p><p>Im <strong>online Kurs<\/strong> bei HIRN &amp; OHR erhalten Sie w\u00f6chentlich Video-Sequenzen:<br \/>&#8211; H\u00f6rtraining<br \/>&#8211; Lippenlesetraining<\/p><p>Melden Sie sich f\u00fcr das gew\u00fcnschte Kursdatum an oder f\u00fcr ein ganzes Quartal an und Sie erhalten den Link zur Lektion per Mail und per WhatsApp<\/p><p><strong>Daten 2021:<br \/><\/strong>Freitag, 8.1., 15.1., 22.1., 29.1., 5.2., 12.2. (Sportferien)<\/p><p>Freitag, 5.3., 12.3., 19.3., 26.3. (Fr\u00fchlingsferien)<\/p><p><strong>Zeit: <br \/><\/strong>Sie trainieren, wann Sie wollen und wie oft Sie wollen.<\/p><p><strong>Kurskosten:<br \/><\/strong>CHF 40.- pro Link mit \u00dcbungsmaterial f\u00fcr eine Lektion, inklusive schriftlicher Lektionen Teil<\/p><p><em><strong>St\u00e4rken und steigern Sie Ihre geistige Leistungsf\u00e4higkeit durch gezieltes Ged\u00e4chtnistraining<\/strong><\/em><\/p><p>Im <strong>Ged\u00e4chtnistraining<\/strong> bei HIRN &amp; OHR trainieren Sie w\u00f6chentlich:<\/p><p>\u2013 Aufmerksamkeit<br \/>\u2013 Merkf\u00e4higkeit<br \/>\u2013 Kurzzeitged\u00e4chtnis<br \/>\u2013 Denkflexibilit\u00e4t<\/p><p><strong>Daten 2021:<\/strong><br \/>Dienstag, 5.1., 12.1., 19.1., 26.1., 2.2., 9.2. (Sportferien)<\/p><p>Freitag, 5.3., 12.3., 19.3., 26.3. (Fr\u00fchlingsferien)<\/p><p><strong>Zeit:<\/strong> 10 Uhr bis 11.30 Uhr<\/p><p><strong>Ort:<\/strong> wechselnd unter den Teilnehmenden, Information bei der Anmeldung<\/p><p>\u00a0<\/p><p><strong>Kurskosten:<\/strong><br \/>CHF 40.- pro Kursmorgen, inklusive Kursunterlagen und Pausenverpflegung<\/p><\/div>\n\t\t\t\t<\/div>\n\t\t\t\t<\/div>\n\t\t\t\t\t\t<\/div>\n\t\t\t\t\t<\/div>\n\t\t<\/div>\n\t\t\t\t\t\t\t\t<\/div>\n\t\t\t\t\t<\/div>\n\t\t<\/section>\n\t\t\t\t\t\t<\/div>\n\t\t\t\t\t<\/div>\n\t\t<\/div>\n\t\t\t\t\t\t\t\t<\/div>\n\t\t\t\t\t<\/div>\n\t\t<\/section>\n\t\t\t\t<section class=\"elementor-section elementor-top-section elementor-element elementor-element-c46d632 elementor-section-boxed elementor-section-height-default elementor-section-height-default\" data-id=\"c46d632\" data-element_type=\"section\">\n\t\t\t\t\t\t<div class=\"elementor-container elementor-column-gap-default\">\n\t\t\t\t\t\t\t<div class=\"elementor-row\">\n\t\t\t\t\t<div class=\"elementor-column elementor-col-100 elementor-top-column elementor-element elementor-element-b18b82b\" data-id=\"b18b82b\" data-element_type=\"column\">\n\t\t\t<div class=\"elementor-column-wrap elementor-element-populated\">\n\t\t\t\t\t\t\t<div class=\"elementor-widget-wrap\">\n\t\t\t\t\t\t<div class=\"elementor-element elementor-element-74f03a2 elementor-invisible elementor-widget elementor-widget-heading\" data-id=\"74f03a2\" data-element_type=\"widget\" data-settings=\"{&quot;_animation&quot;:&quot;fadeInRight&quot;}\" data-widget_type=\"heading.default\">\n\t\t\t\t<div class=\"elementor-widget-container\">\n\t\t\t<h2 class=\"elementor-heading-title elementor-size-default\">Online Formular<\/h2>\t\t<\/div>\n\t\t\t\t<\/div>\n\t\t\t\t<div class=\"elementor-element elementor-element-49290c7 elementor-widget elementor-widget-html\" data-id=\"49290c7\" data-element_type=\"widget\" data-widget_type=\"html.default\">\n\t\t\t\t<div class=\"elementor-widget-container\">\n\t\t\t<div class=\"wpforms-container wpforms-container-full\" id=\"wpforms-66\"><form id=\"wpforms-form-66\" class=\"wpforms-validate wpforms-form\" data-formid=\"66\" method=\"post\" enctype=\"multipart\/form-data\" action=\"\/index.php?rest_route=%2Fwp%2Fv2%2Fpages%2F16\" data-token=\"b176a8633ce44efb2e4b346392368d91\"><noscript class=\"wpforms-error-noscript\">Bitte aktiviere JavaScript in deinem Browser, um dieses Formular fertigzustellen.<\/noscript><div class=\"wpforms-field-container\"><div id=\"wpforms-66-field_0-container\" class=\"wpforms-field wpforms-field-name\" data-field-id=\"0\"><label class=\"wpforms-field-label\" for=\"wpforms-66-field_0\">Name <span class=\"wpforms-required-label\">*<\/span><\/label><div class=\"wpforms-field-row wpforms-field-medium\"><div class=\"wpforms-field-row-block wpforms-first wpforms-one-half\"><input type=\"text\" id=\"wpforms-66-field_0\" class=\"wpforms-field-name-first wpforms-field-required\" name=\"wpforms[fields][0][first]\" required><label for=\"wpforms-66-field_0\" class=\"wpforms-field-sublabel after \">Vorname<\/label><\/div><div class=\"wpforms-field-row-block wpforms-one-half\"><input type=\"text\" id=\"wpforms-66-field_0-last\" class=\"wpforms-field-name-last wpforms-field-required\" name=\"wpforms[fields][0][last]\" required><label for=\"wpforms-66-field_0-last\" class=\"wpforms-field-sublabel after \">Nachname<\/label><\/div><\/div><\/div><div id=\"wpforms-66-field_5-container\" class=\"wpforms-field wpforms-field-text\" data-field-id=\"5\"><label class=\"wpforms-field-label\" for=\"wpforms-66-field_5\">Adresse <span class=\"wpforms-required-label\">*<\/span><\/label><input type=\"text\" id=\"wpforms-66-field_5\" class=\"wpforms-field-medium wpforms-field-required\" name=\"wpforms[fields][5]\" required><div class=\"wpforms-field-description\">Strasse, Nummer, Postzahl, Stadt <\/div><\/div><div id=\"wpforms-66-field_13-container\" class=\"wpforms-field wpforms-field-number\" data-field-id=\"13\"><label class=\"wpforms-field-label\" for=\"wpforms-66-field_13\">Telefonnummer<\/label><input type=\"number\" pattern=\"\\d*\" id=\"wpforms-66-field_13\" class=\"wpforms-field-medium\" name=\"wpforms[fields][13]\" ><div class=\"wpforms-field-description\">Nummer in Zahlenformat<\/div><\/div><div id=\"wpforms-66-field_1-container\" class=\"wpforms-field wpforms-field-email\" data-field-id=\"1\"><label class=\"wpforms-field-label\" for=\"wpforms-66-field_1\">E-Mail <span class=\"wpforms-required-label\">*<\/span><\/label><input type=\"email\" id=\"wpforms-66-field_1\" class=\"wpforms-field-medium wpforms-field-required\" name=\"wpforms[fields][1]\" required><\/div><div id=\"wpforms-66-field_9-container\" class=\"wpforms-field wpforms-field-checkbox wpforms-list-inline\" data-field-id=\"9\"><label class=\"wpforms-field-label\" for=\"wpforms-66-field_9\">Aufmerksamkeit, Merkf\u00e4higkeit, Kurzzeitged\u00e4chtnis und Denkflexibilit\u00e4t, jeweils Dienstags <span class=\"wpforms-required-label\">*<\/span><\/label><ul id=\"wpforms-66-field_9\" class=\"wpforms-field-required\"><li class=\"choice-14 depth-1\"><input type=\"checkbox\" id=\"wpforms-66-field_9_14\" name=\"wpforms[fields][9][]\" value=\"05.01. \" required ><label class=\"wpforms-field-label-inline\" for=\"wpforms-66-field_9_14\">05.01. <\/label><\/li><li class=\"choice-15 depth-1\"><input type=\"checkbox\" id=\"wpforms-66-field_9_15\" name=\"wpforms[fields][9][]\" value=\"12.01.\" required ><label class=\"wpforms-field-label-inline\" for=\"wpforms-66-field_9_15\">12.01.<\/label><\/li><li class=\"choice-16 depth-1\"><input type=\"checkbox\" id=\"wpforms-66-field_9_16\" name=\"wpforms[fields][9][]\" value=\"19.01.\" required ><label class=\"wpforms-field-label-inline\" for=\"wpforms-66-field_9_16\">19.01.<\/label><\/li><li class=\"choice-17 depth-1\"><input type=\"checkbox\" id=\"wpforms-66-field_9_17\" name=\"wpforms[fields][9][]\" value=\"26.01.\" required ><label class=\"wpforms-field-label-inline\" for=\"wpforms-66-field_9_17\">26.01.<\/label><\/li><li class=\"choice-2 depth-1\"><input type=\"checkbox\" id=\"wpforms-66-field_9_2\" name=\"wpforms[fields][9][]\" value=\"02.02.\" required ><label class=\"wpforms-field-label-inline\" for=\"wpforms-66-field_9_2\">02.02.<\/label><\/li><li class=\"choice-4 depth-1\"><input type=\"checkbox\" id=\"wpforms-66-field_9_4\" name=\"wpforms[fields][9][]\" value=\"09.02.\" required ><label class=\"wpforms-field-label-inline\" for=\"wpforms-66-field_9_4\">09.02.<\/label><\/li><li class=\"choice-5 depth-1\"><input type=\"checkbox\" id=\"wpforms-66-field_9_5\" name=\"wpforms[fields][9][]\" value=\"02.03.\" required ><label class=\"wpforms-field-label-inline\" for=\"wpforms-66-field_9_5\">02.03.<\/label><\/li><li class=\"choice-8 depth-1\"><input type=\"checkbox\" id=\"wpforms-66-field_9_8\" name=\"wpforms[fields][9][]\" value=\"09.03. \" required ><label class=\"wpforms-field-label-inline\" for=\"wpforms-66-field_9_8\">09.03. <\/label><\/li><li class=\"choice-7 depth-1\"><input type=\"checkbox\" id=\"wpforms-66-field_9_7\" name=\"wpforms[fields][9][]\" value=\"16.03.\" required ><label class=\"wpforms-field-label-inline\" for=\"wpforms-66-field_9_7\">16.03.<\/label><\/li><li class=\"choice-20 depth-1\"><input type=\"checkbox\" id=\"wpforms-66-field_9_20\" name=\"wpforms[fields][9][]\" value=\"23.03.\" required ><label class=\"wpforms-field-label-inline\" for=\"wpforms-66-field_9_20\">23.03.<\/label><\/li><\/ul><div class=\"wpforms-field-description\">Dienstag von 10.00 \u2013 11.30 Uhr\r\nKosten: CHF 30.- pro Lektion\r\n(1,5 Lektionen)<\/div><\/div><div id=\"wpforms-66-field_14-container\" class=\"wpforms-field wpforms-field-checkbox\" data-field-id=\"14\"><ul id=\"wpforms-66-field_14\" class=\"wpforms-field-required\"><li class=\"choice-1 depth-1\"><input type=\"checkbox\" id=\"wpforms-66-field_14_1\" name=\"wpforms[fields][14][]\" value=\"Hiermit best\u00e4tige ich die Anmeldung\" required ><label class=\"wpforms-field-label-inline\" for=\"wpforms-66-field_14_1\">Hiermit best\u00e4tige ich die Anmeldung<\/label><\/li><\/ul><\/div><\/div><div class=\"wpforms-field wpforms-field-hp\"><label for=\"wpforms-66-field-hp\" class=\"wpforms-field-label\">Comment<\/label><input type=\"text\" name=\"wpforms[hp]\" id=\"wpforms-66-field-hp\" class=\"wpforms-field-medium\"><\/div><div class=\"wpforms-submit-container\" ><input type=\"hidden\" name=\"wpforms[id]\" value=\"66\"><input type=\"hidden\" name=\"wpforms[author]\" value=\"1\"><button type=\"submit\" name=\"wpforms[submit]\" class=\"wpforms-submit \" id=\"wpforms-submit-66\" value=\"wpforms-submit\" aria-live=\"assertive\" data-alt-text=\"Sende...\" data-submit-text=\"Senden\">Senden<\/button><\/div><\/form><\/div>  <!-- .wpforms-container -->\n\t\t<\/div>\n\t\t\t\t<\/div>\n\t\t\t\t\t\t<\/div>\n\t\t\t\t\t<\/div>\n\t\t<\/div>\n\t\t\t\t\t\t\t\t<\/div>\n\t\t\t\t\t<\/div>\n\t\t<\/section>\n\t\t\t\t\t\t<\/div>\n\t\t\t\t\t\t<\/div>\n\t\t\t\t\t<\/div>\n\t\t","protected":false},"excerpt":{"rendered":"<p>Kurse 2020 St\u00e4rken und steigern Sie Ihr H\u00f6rverm\u00f6gen durch gezieltes H\u00f6rtraining mit Lippenlesen Absolut virenfrei: Im online Kurs bei HIRN &amp; OHR erhalten Sie w\u00f6chentlich Video-Sequenzen: &#8211; H\u00f6rtraining &#8211; Lippenlesetraining Melden Sie sich f\u00fcr das gew\u00fcnschte Kursdatum an oder f\u00fcr ein ganzes Quartal an und Sie erhalten den Link zur Lektion per Mail und per [&hellip;]<\/p>\n","protected":false},"author":1,"featured_media":0,"parent":0,"menu_order":0,"comment_status":"closed","ping_status":"closed","template":"","meta":[],"_links":{"self":[{"href":"https:\/\/www.hirn-und-ohr.ch\/index.php?rest_route=\/wp\/v2\/pages\/16"}],"collection":[{"href":"https:\/\/www.hirn-und-ohr.ch\/index.php?rest_route=\/wp\/v2\/pages"}],"about":[{"href":"https:\/\/www.hirn-und-ohr.ch\/index.php?rest_route=\/wp\/v2\/types\/page"}],"author":[{"embeddable":true,"href":"https:\/\/www.hirn-und-ohr.ch\/index.php?rest_route=\/wp\/v2\/users\/1"}],"replies":[{"embeddable":true,"href":"https:\/\/www.hirn-und-ohr.ch\/index.php?rest_route=%2Fwp%2Fv2%2Fcomments&post=16"}],"version-history":[{"count":49,"href":"https:\/\/www.hirn-und-ohr.ch\/index.php?rest_route=\/wp\/v2\/pages\/16\/revisions"}],"predecessor-version":[{"id":341,"href":"https:\/\/www.hirn-und-ohr.ch\/index.php?rest_route=\/wp\/v2\/pages\/16\/revisions\/341"}],"wp:attachment":[{"href":"https:\/\/www.hirn-und-ohr.ch\/index.php?rest_route=%2Fwp%2Fv2%2Fmedia&parent=16"}],"curies":[{"name":"wp","href":"https:\/\/api.w.org\/{rel}","templated":true}]}}